 - 4 - -6).
-4
Evaluate 0 + (1 - 2) + (-2 - 1).
-4
Calculate 8 + 0 - (-5 + 7).
6
5 + -9 - -6 - (2 - 3)
3
Evaluate 0 + 4 + (1 - 1).
4
What is (-2 - -5) + (-4 + 1 - -2)?
2
Calculate -1 + 1 + -2 + 25 + -15.
8
(1 + -2 - -3) + 2 - 2
2
2 + -2 - (6 - (-3 + 6))
-3
What is -17 + (-10 - -12 - -6)?
-9
Calculate 4 + 0 + 2 + 1 + -2.
5
(5 + -1 - 6) + 2 - 2
-2
-6 + (-1 - -1 - -5) + -1
-2
What is 4 + -1 + -2 + (2 - 0)?
3
What is the value of (-7 + 3 - 1) + 2?
-3
What is the value of -6 - (-10 + 14 + -6)?
-4
-3 + 6 - 9 - (-5 - 0)
-1
What is 8 + -4 + 2 + -3?
3
Calculate (7 - (6 - 6)) + -7 + 4.
4
-6 + (5 + -4 - 3) + 0
-8
Calculate (9 - 0) + -4 + -1 + -1.
3
What is the value of -7 + (12 - (-2 + 9))?
-2
Evaluate -3 + -7 + -7 + 1 + 10.
-6
Calculate (-6 - -6) + 1 + (-6 - -1).
-4
What is the value of 11 + -15 - (-4 - 2)?
2
Calculate (1 - -4) + (-4 - -2) - 3.
0
Calculate (1 - 0 - (12 - 13)) + -5.
-3
What is 8 + -2 - (3 + -4)?
7
Evaluate 11 + (-7 - -2) + -7.
-1
Calculate 2 - -1 - (2 + 10 - 2).
-7
What is -13 - (-9 + 3 + -2)?
-5
Evaluate 2 + 5 - (5 + 0).
2
What is the value of -9 + (-1 + 1 + 1 - -5)?
-3
Evaluate 7 + -10 + 5 - 5.
-3
-1 + (1 - 2) - (3 - 2)
-3
What is 7 - 6 - (1 - -2)?
-2
What is 4 + (-2 + -2 - -5 - 0)?
5
What is (-3 - -2) + -8 + 16?
7
What is -7 - -7 - 5 - -11?
6
What is (-4 - (10 - 13)) + (9 - 1)?
7
Calculate 1 - 1 - (-3 - -6) - -2.
-1
What is the value of 4 - (2 - 0) - 6?
-4
0 + 0 + (2 + -4 - 1)
-3
What is 2 + -13 - (-25 - -15)?
-1
Calculate -15 + (12 - (15 - 10)).
-8
What is (-9 + 15 - 9) + 7?
4
What is -2 - (-2 + (-3 - -4) + -2)?
1
What is (0 - -1 - 4) + 2 + -2?
-3
Calculate 4 + 2 + -1 + -8.
-3
Calculate 3 + 6 + -17 - -13.
5
What is (2 + -7 - -11) + -5?
1
What is 1 - 2 - 5 - -10?
4
What is the value of -8 - -1 - (-115 - -114)?
-6
What is 0 + -2 + 1 + (1 - 2)?
-2
Calculate -4 - ((4 - 5) + 1 + -7).
3
What is the value of (15 - 6) + (-7 - -2)?
4
What is the value of (2 - 1) + (0 - 4 - -4)?
1
What is (0 - 0 - -3) + -4?
-1
4 + (-5 - -7) - 1 - 1
4
(-1 - -4) + (-6 - -5)
2
Evaluate -9 + (12 - (0 + 3)).
0
Evaluate -6 + -5 + 9 - (-4 - 1).
3
Calculate -3 - (-2 + 0 + (-7 - -9)).
-3
Calculate 0 - -2 - (-11 - (-10 - -2)).
5
Calculate 3 + (-8 - (8 - 15)).
2
-5 + (0 - -4) + 4 + 0
3
Calculate 0 - (-11 - (-13 + 8)).
6
-4 - (0 + -8) - (1 + -2)
5
1 + -5 + 2 - (3 + -2)
-3
Calculate -1 + (3 + -1 - -2) + 1.
4
What is the value of 2 + -1 - (-8 - -8) - -4?
5
What is the value of (2 - -1 - (21 + -17)) + 0?
-1
What is 4 + -7 - (-5 + 1)?
1
Evaluate (-7 + (-2 - 0) - 0) + 4.
-5
Evaluate (10 - (-5 + 7)) + -6 - -5.
7
11 - 1 - (5 - 2)
7
2 + -6 + -5 + 4 + 1
-4
What is 4 + 0 - (35 + -25)?
-6
What is the value of -1 - -5 - (-4 + (12 - 3))?
-1
What is the value of 17 - 10 - (0 + 9)?
-2
Calculate (11 - 6 - 7) + -1.
-3
What is the value of -9 + 4 + 3 - (11 - 4)?
-9
Calculate 1 + -2 - (-13 + 8).
4
What is the value of (7 - 12) + 2 + -2 + 1?
-4
Evaluate -5 - (-8 - -2) - -2.
3
Calculate 0 - (-1 - 6) - (-10 + 12).
5
What is the value of 1 + 0 + -4 + 9 - 2?
4
Evaluate 20 + -30 + 6 + 3.
-1
Evaluate -19 + 18 - (1 - 8).
6
What is 1 + 1 - ((7 - 18) + 10)?
3
What is 4 - -1 - 9 - -7?
3
Evaluate 3 + (9 - 8) + -11.
-7
What is 1 + (1 - 0) - (59 + -58)?
1
Evaluate (-58 - -51) + 13 + -2.
4
4 + -4 + -1 + 2 + 2
3
Evaluate -3 - -10 - (-8 - -12).
3
What is (-2 - (5 - (7 - 6))) + 0?
-6
Calculate -3 - (-10 + 13 - (2 + 9)).
5
What is the value of 4 + 1 + 1 + -8?
-2
5 + -2 + (3 - -2) + -4
4
Calculate -5 - (-3 + 3) - (7 - 12).
0
Calculate (-6 - -10) + (2 - 2).
4
(13 - 1) + (3 - 11)
4
Evaluate (-6 - 7) + 1 - -5.
-7
(-7 - -6) + (6 - 0) + -2
3
What is the value of 0 + (2 - (4 - 1) - 1)?
-2
0 + -3 + -1 + 1
-3
Evaluate -7 + (-5 - (1 - 9 - -2)).
-6
What is 1 - ((-1 - 1) + 2 + 1)?
0
What is -3 + 6 + (0 - 2 - 2)?
-1
What is the value of 1 + -1 + (3 - 6) + -1?
-4
-5 + (7 + -8 - -3)
-3
What is -3 - 0 - (-1 - 6)?
4
Evaluate 5 + (-9 - -8) - -2.
6
10 - (1 - 6 - -9 - -3)
3
Evaluate -10 - (4 + 8 + -22).
0
Calculate -4 - (1 - (2 + 2)).
-1
Evaluate 1 + 0 - 8 - (-2 - 1).
-4
Evaluate 10 - 14 - ((6 - 2) + -11).
3
3 + (0 - 7) + 1
-3
-9 + (8 - 1) + -1
-3
Evaluate 5 + (-28 - -31 - (2 - -1)).
5
What is 4 + (0 - (3 + 2)) + -2?
-3
What is the value of 8 + -2 - (1 - -11)?
-6
-2 + 5 - 0 - (1 + -2)
4
What is the value of (10 - (-12 + 4)) + -9?
9
Evaluate (1 - (-1 + -5)) + (0 - 3).
4
Evaluate (2 - 7) + (2 - 1) - -5.
1
What is 3 + (0 - 0 - -2)?
5
(-8 - (-36 + 14)) + -8
6
What is the value of -6 + (7 - 3 - -4)?
2
What is -2 + 3 + (2 - 4)?
-1
Evaluate 1 + 7 + -9 + 2 + -3.
-2
What is 3 - (0 + 8 - (-11 - -11))?
-5
What is the value of -8 - (-4 - (6 - -4))?
6
Evaluate 6 - -1 - 4 - (1 - 3).
5
Calculate -3 + -2 + 0 + (-2 - -3).
-4
Calculate 5 + (-2 + -2 - (0 + -3)).
4
(-25 - -11) + (-2 + 3 - -3)
-10
-8 - -10 - (5 - 1)
-2
What is the value of -7 + (7 + 6 - 7) + 9?
8
Evaluate -6 - (-15 + (-4 - -4 - -7)).
2
0 - (-4 + (-4 - -5))
3
What is the value of 12 + (-11 - (-11 - -2))?
10
What is the value of 33 - 37 - (4 + -4 - 3)?
-1
What is -4 - (-7 - (1 + -7))?
-3
Evaluate 2 + (5 - 4) + (15 - 20).
-2
Evaluate 5 + -9 + 7 + -7 + 0.
-4
Evaluate (-4 - -9) + -4 + -11 + 9.
-1
Evaluate -1 - (-1 + (1 + 8 - 5)).
-4
What is the value of 4 - (13 + -4) - 0?
-5
(4 - 6) + -1 + 1
-2
Calculate -3 - -7 - (19 + -22).
7
Evaluate 1 - 3 - (-6 + 4 - -1).
-1
Evaluate 6 + -9 - (1 - (0 + -5)).
-9
7 + 4 + -8 - 9
-6
What is -4 + 19 + -12 - -6?
9
What is the value of 3 + 1 - (10 + -2)?
-4
Calculate -3 + (-2 - (2 - 9)).
2
What is -13 - -13 - (-4 + 0)?
4
Evaluate (-1 - 2) + 0 - -5.
2
Evaluate 2 - -1 - (6 + -6 + -2).
5
(24 - 26) + 0 + 1 + -1
-2
What is (3 - 4) + (27 - 28)?
-2
6 - (-1 + (0 - -3))
4
Calculate 1 - 0 - (-15 + 15).
1
Evaluate 6 + 3 + (5 - (18 + -2)).
-2
1 + 6 - (18 - 4)
-7
Evaluate -2 + (0 - (-5 + 5)).
-2
Evaluate -22 + 21 - (-1 - 11).
11
Evaluate 6 + -9 + 11 + -3.
5
Calculate 4 + -2 + (-7 - 6) + 6.
-5
2 - (9 - (1 + 4 - 1))
-3
Evaluate -1 - -6 - (2 + (2 - 1)).
2
What is the value of -4 - (3 - 2) - 0?
-5
Evaluate -4 - (-6 - (-4 - 1)) - -3.
0
What is 3 + 6 + (-27 - -23)?
5
Calculate 3 + -2 + -2 + 0.
-1
What is the value of 4 + -16 - (-3 + -10 + 8)?
-7
What is the value of 0 - ((1 - (-1 - 2)) + 0)?
-4
Calculate 5 + -1 - (12 + 0 + -1).
-7
Calculate -2 + 2 + (4 - 3) - 5.
-4
What is the value of (-8 - (4 - 7)) + -2 + 7?
0
What is (-5 + 1 - 1) + -487 + 503?
11
What is the value of 1 - -1 - (75 - 65)?
-8
What is the value of 3 - (7 + -13 - -9)?
0
What is (1 - 3) + 4 - -1?
3
What is the value of -5 + 3 + -5 + 6?
-1
(-1 - -3) + (-4 - -1)
-1
Calculate -1 - (-7 - (-6 - (-3 - 0))).
3
Calculate -7 + (-1 - -4) - (-4 - -1).
-1
What is the value of -2 + 10 - (-1 - -12)?
-3
Calculate 11 + -14 - (3 - 1).
-5
Evaluate -2 - (8 + -3 - (9 - 7)).
-5
What is 4 + (-4 - 4) + 3 + -2?
-3
Calculate -4 - 6 - (-4 - 1).
-5
3 + (-16 - (-15 - -7))
-5
Evaluate (0 + 7 - 8 - 1) + 6.
4
What is the value of (2 + -1 - -5 - 7) + 5?
4
What is (-1 - (-5 - 0)) + -4?
0
What is the value of -8 - (-9 + (2 + -5 - -8))?
-4
What is the value of -35 + 30 - (2 + -14 + 3)?
4
Calculate -51 - -50 - (3 + -12).
8
What is the value of (-7 - (6 - 14)) + (0 - 5)?
-4
What is the value of 3 + (-5 - -1) + 1 + 2?
2
Calculate -3 + (5 + 5 - 4 - 0).
3
-7 + 12 + (2 - (3 - 2))
6
Calculate 2 + -3 + -3 - 1 - -4.
-1
What is the value of 7 - 0 - -1 - (-27 + 30)?
5
What is (-3 - (-3 - -1)) + 2 + 4?
5
Evaluate -3 - (5 + -7 - 1).
0
3 - (-2 + (1 - -8 - 3))
-1
What is -4 + -1 + 0 + -1 + 1?
-5
Evaluate 74 - 70 - (-2 - 0).
6
What is the value of (-5 - -3) + -4 + 12 + -1?
5
Evaluate (-9 - -10) + 8 + -12.
-3
Calculate (-3 - (-1 - 1)) + 2.
1
What is -4 - ((-5 - -4) + -7)?
4
37 + -33 + 0 + -3
1
What is (-1 - (4 + -9)) + 0 + 1?
5
What is 9 - (6 - (0 - (5 - 6)))?
4
What is -5 - (3 + -1 + -3)?
-4
Evaluate 10 + -15 + (1 - 1).
-5
Calculate (-32 - -41) + (-1 - -2).
10
What is (-2 - (-2 - -1) - -4) + 0?
3
(8 - 3 - 2) + -1
2
Evaluate (2 - -1) + -7 + 0.
-4
Evaluate -12 - ((-8 - (1 - 6)) + -1).
-8
Evaluate 12 + (-1 - 5) - 22 - -7.
-9
8 - 2 - (-2 - -3)
5
-1 - (-9 - (-1 + -5))
2
Evaluate 2 + -6 + -2 + (9 - -3).
6
Evaluate -1 - -6 - (-7 + 9).
3
-2 - ((-2 - 1) + 4 + -4)
1
What is (-13 - (-11 + 6)) + 10?
2
What is 1 - 1 - (2 - 0)?
-2
What is the value of 0 + 3 + -3 + -3 + 3?
0
Calculate 28 + -23 + (-7 - 1) + -2.
-5
Calculate -14 + 15 + (1 - -1).
3
Evaluate -4 - ((1 + -4 - -